be 6/(-4) + (4 - (-4)/8). Calculate the highest common divisor of b and 3.
3
Suppose 101 = 2*r - n, 0 = -r + 6*r + n - 235. Suppose -t + 4*t = -r. Let w be 6/(-8)*t/6. Calculate the highest common divisor of w and 14.
2
Suppose 15 = -3*t + 3*c - 0*c, 5*t = -5*c - 25. Let v be -3 + 33*(-5)/t. Calculate the highest common factor of 12 and v.
6
Suppose 2*n + 0*q = q + 65, 2*n + q - 67 = 0. Suppose -u - 2*u + n = 0. Let w = 31 + -20. What is the greatest common divisor of w and u?
11
Let s(f) = 4*f**2 - 2. Let v be s(2). Let q(j) = -4*j + 30. Let a be q(7). What is the greatest common divisor of a and v?
2
Suppose 11*z - 278 + 58 = 0. Calculate the greatest common divisor of z and 45.
5
Let u be 8/(-44) + (-2)/(-11). Let m = u + 3. Suppose 2*c = -1 + 5. Calculate the greatest common divisor of c and m.
1
Let g be 1/2 - 9510/(-12). What is the highest common divisor of 26 and g?
13
Let r = -7 + 7. Let m = r + 38. Calculate the greatest common factor of m and 342.
38
Let y(b) = 4*b - 5. Let q be y(6). Suppose 5*d - 26 = q. Calculate the highest common factor of 36 and d.
9
Let b(u) = -4*u**2 - 6*u - 28. Let c be b(-4). Let y = c + 102. Calculate the highest common factor of y and 102.
34
Let p(i) = -i**3 - 5*i**2 - 3*i - 7. Let h be p(-5). Suppose 5*b - 741 = -4*v, -510*v + 506*v + b = -735. What is the greatest common factor of h and v?
8
Suppose -3*f = -0*f - 132. Let j be 41 + (3 - 4)*-3. Suppose -4*t + 5*v + f = 4*v, 3*v = -4*t + j. What is the highest common factor of t and 22?
11
Let q(x) = -x**2 + 10*x + 133. Let s be q(17). Let z = 5 + -3. Let g be 29 + z/(-1 + -1). Calculate the greatest common factor of g and s.
14
Let m be 2/(-2)*-2 + 0. Suppose 5*g - 5*b + 90 = 0, -m*b - b = 9. Let y = 31 + g. Calculate the greatest common factor of 50 and y.
10
Suppose 0 = -15*k + 2916 - 1176. Calculate the greatest common factor of k and 16.
4
Let v be (-1)/(-2) - (-6)/4. Let n be -1*(-1 + (-3 - 0 - 5)). Suppose n = w + 1. Calculate the greatest common divisor of v and w.
2
Let k = -2581 - -2676. Calculate the highest common divisor of 304 and k.
19
Suppose 2*p + 6 = 8. Suppose c = -4*j + 2*c + 33, -5*c = 5. What is the greatest common divisor of p and j?
1
Suppose 26 + 126 = 2*s. Suppose 3*o = -x + 73, 3*o - 6*o + s = 4*x. What is the greatest common factor of 16 and o?
8
Let r = 43 + -38. Suppose r*a = -5*x + 55, 14 = 5*x - 4*x - 2*a. Let d(g) = g**2 + g + 4. Let o be d(4). What is the highest common divisor of x and o?
12
Let j(r) = r**3 - 3*r**2 + 2*r - 1. Let y be j(3). Suppose -45 = -y*f + 5. Let g be (-3)/3 + 16 - 0. Calculate the highest common divisor of g and f.
5
Let a be 1 + ((-12)/(-1) - 2). Suppose -5*n + 3 + 2 = -5*z, -n = -4*z + 5. Let q be (1 - -32)*(1 + z). What is the highest common factor of a and q?
11
Let p = -904 + 964. Let q(i) = i + 24. Let j be q(0). Calculate the greatest common divisor of j and p.
12
Let w = 1026 + -594. Calculate the highest common factor of w and 96.
48
Let h be -4 - 21/(-5) - 4/(-5). Let q(v) = 3*v**2 + v - 2. Let p be q(2). Let k be ((-12)/(-8))/(h/p). What is the highest common factor of 18 and k?
18
Let u(z) = 8*z + 720. Let f be u(-72). Let h = 9 - -9. What is the highest common divisor of h and f?
18
Suppose -g - u - 2 = -3, 2*u = -5*g + 14. Let t be 6/(-15) + (-2)/(-5). Suppose t = -2*h - 5*h + 252. What is the highest common divisor of g and h?
4
Let s be (-10)/(-2) + 19 + 10 + -8. Calculate the highest common factor of 6 and s.
2
Suppose 2*c - 6 = -4*m - 0*c, 0 = 4*c + 12. Suppose y = -m*q - 13, -2*y + 4*q - 5*q - 1 = 0. What is the highest common factor of y and 1?
1
Suppose -15*f + 990 = -4*f. Calculate the greatest common divisor of 225 and f.
45
Let v = 5 - 2. Suppose 3*y - v*z + 9 = -6*z, -y = -2*z + 12. Let r be (y/(-12))/(3/972). What is the greatest common factor of r and 18?
18
Let r = -69 + 261. Suppose 55*c = 59*c - r. Calculate the highest common factor of c and 64.
16
Let x(u) = -5*u + u**2 + 2 + 2 - 2. Let d(b) = b**3 + 7*b**2 - 10*b - 11. Let l be d(-8). Let y be x(l). What is the greatest common divisor of y and 6?
2
Suppose 0 = 7*t - 2*t - 2*m + 9, t - m = -3. Let f be (-4 + 1 - 161)*(-3 - t). Calculate the greatest common factor of f and 41.
41
Let s be 1/1 - 195/(-5). Let m be (76/s*-2 + 0)*-5. Calculate the greatest common factor of m and 209.
19
Let z(i) = -i**3 - 4*i**2 + 14*i + 9. Let v be z(-6). Let a be (168/(-3))/(v/3). Calculate the greatest common factor of a and 14.
14
Let q = 16 - 13. Suppose -q = -s - 2*r, s + s = 4*r + 30. What is the highest common divisor of s and 36?
9
Let p(w) = 2*w + 13. Let m be p(-5). Let y be (m - (-405)/(-10))*16/(-6). What is the greatest common factor of y and 10?
10
Let x be (2/4)/(2 + 262/(-132)). Calculate the greatest common factor of x and 154.
11
Let o = 336 + -128. What is the greatest common divisor of 156 and o?
52
Suppose 62*m - 32 = 92. Suppose 0 = -2*t + 32 + 24. Let b = t + m. What is the greatest common divisor of b and 20?
10
Suppose -4*a = -5 - 19. Let y be (108/(-24))/(a/(-320)). Suppose y = 5*n + 3*m, -2*m + 173 = 5*n - 62. What is the highest common factor of n and 5?
5
Let z be 3 + -4 + (9 - 4). Suppose s - z*s + 27 = 0. Let j be (-9020)/(-90) + (-2)/s. Calculate the greatest common factor of j and 25.
25
Let y be 2 - 2 - 378/(-7). Calculate the greatest common factor of 18 and y.
18
Let y = 227 + -219. Calculate the greatest common factor of 72 and y.
8
Let g(x) be the first derivative of -x**4/4 + x**3 + 5*x**2/2 + x + 6. Let v be g(4). Calculate the highest common divisor of 55 and v.
5
Let y be -105*16/(-20)*(-15)/(-10). What is the highest common divisor of 56 and y?
14
Suppose -2*m = j + m + 10, -5*j + 10 = 3*m. Suppose j*p - 13 = 62. Calculate the highest common divisor of p and 10.
5
Let b(k) = -k**2 + k. Let r be b(0). Let h be (-19)/(r + (-1)/3). Let v = -10200 + 10238. Calculate the greatest common factor of h and v.
19
Suppose 0 = 17*y - 3084 - 61. What is the greatest common divisor of 10 and y?
5
Let o = 18 - 2. Suppose 4 - 10 = -3*z. Suppose -5*h = -m + 3*m - 6, -m + z*h = -12. What is the greatest common divisor of o and m?
8
Suppose 108*b - 113*b + 2345 = 0. Calculate the greatest common divisor of b and 67.
67
Suppose -20 = -4*c, 5*g = 2*c + 65 - 10. Let a be 39/(-2)*76/(-57). What is the greatest common divisor of g and a?
13
Suppose -25*b + 33*b - 64 = 0. Calculate the highest common factor of 136 and b.
8
Suppose 18*j + 595 = 35*j. Calculate the greatest common factor of j and 1015.
35
Let y = -17 - -17. Suppose 0*n - 4*d - 58 = -2*n, y = -2*n - 3*d + 23. What is the greatest common factor of 95 and n?
19
Suppose 3*d - 202 = 14. Suppose -y + 276 = 3*x, -4*x + 3*y + 427 = d. What is the highest common factor of x and 26?
13
Suppose -29 = -5*b - 39, -x = 3*b - 150. What is the highest common factor of x and 182?
26
Let y be (-4 - (-3 + -2)) + 1*2. Suppose b - 8 = -2*s + s, 0 = y*b + 4*s - 26. Calculate the highest common divisor of 15 and b.
3
Let q = 598 + -279. Calculate the greatest common factor of q and 29.
29
Suppose 7*h = h + 54. Let y be 1195/h - 3 - 10/(-45). Let c(v) = v**2 + 4*v + 5. Let b be c(-7). Calculate the highest common divisor of y and b.
26
Suppose -18*c + 9825 = -1461. What is the greatest common factor of c and 132?
33
Let c be 64/10 - 16/40. Suppose c = 3*h - 6. Suppose -4*f = 2*v - 0 - h, 0 = 2*f. What is the highest common divisor of 14 and v?
2
Let n(k) = -9*k**3 + 2*k**2 - k + 1. Let g be n(-3). Let x = 95 - g. Let a = -2 - x. Calculate the greatest common divisor of a and 28.
28
Let j be 9*((-60)/(-27))/2. What is the greatest common divisor of 240 and j?
10
Suppose -5*j + 9*j = 0. Suppose 21 = 7*h - j. Calculate the highest common divisor of h and 2.
1
Suppose -3*c = -6*c + 147. What is the greatest common divisor of 2 and c?
1
Let i(c) = 15*c - 36. Let z be i(6). Calculate the greatest common factor of z and 270.
54
Let p(j) = -6 + 4*j**2 - 3*j**2 - 3 - 9*j + 8. Let y be p(10). Calculate the highest common divisor of y and 9.
9
Let a be 8 - (6 + -2) - -28. Calculate the highest common factor of 160 and a.
32
Suppose -4*y = -4*v + 40, 2*v + 3*y = 30 - 5. What is the highest common factor of 275 and v?
11
Let v(d) = 23*d**2 - 12. Let p be v(-3). Suppose -p - 393 = -7